-3*i + 69. Suppose 3*d + 9 = -42. Let w = d - b. What is the units digit of w?
1
Suppose -147 = -t + 3*u - 56, 3*t + 4*u - 273 = 0. Suppose 274 - t = 3*r. What is the tens digit of r?
6
Let j = 4 - 4. Let n be 1*(j - -3) + 21. Suppose 5*a = a + n. What is the units digit of a?
6
Suppose 0 = 4*r - 6*m + 7*m - 10, -3*m = -r + 9. Suppose -5*z = 15, r*s - 2*s + 5*z = 109. What is the hundreds digit of s?
1
Let v be 88/(-11)*1/(-2). Suppose 0 = -3*s + v*j + 129, -3 = 2*j + 3. What is the tens digit of s?
3
Let p = -392 - -922. Suppose -2*u + 225 = 5*a - 51, -a - p = -4*u. What is the units digit of u?
3
Let r(i) = -i**2 - 27*i + 5. Let c be r(-26). Let l = c - -93. What is the units digit of l?
4
Suppose 0 = -4*y - 16, -2*d + 18*y - 15*y + 5130 = 0. What is the hundreds digit of d?
5
Suppose 2*b - 832 = -4*l - 2*b, -3*l - b + 618 = 0. Let z = 287 - l. What is the tens digit of z?
8
Let y(q) be the third derivative of 11*q**6/12 - q**5/60 + q**4/12 - q**3/3 + 11*q**2. What is the hundreds digit of y(1)?
1
Let a be (-2)/(114/27 - 4). Let l(z) = -13*z**2 + 35*z + 1. Let j(k) = -3*k**2 + 9*k. Let o(v) = a*j(v) + 2*l(v). What is the tens digit of o(13)?
2
Suppose -56 = -6*h + 34. Suppose 21*b = h*b + 1182. What is the units digit of b?
7
Suppose f - 3*a - 242 = 0, -2*a - 2*a - 936 = -4*f. What is the units digit of f?
0
Let i be (-2772)/98 - ((-8)/14)/2. What is the units digit of ((-45)/10 - 3)*i/2?
5
Suppose 1273 = w - s, 2*w - 3*s - 3183 = -635. What is the units digit of w?
1
Suppose z - h = 628, 4*z - 1905 = z - 4*h. Suppose -3*a + 2*k = -420, 5*a - k - 62 = z. What is the units digit of a?
8
Suppose -13*n = -2388 - 134. What is the units digit of n?
4
Let b(i) = i - 13. Let h be b(9). Let g be (-27 + 1)*2/h. Let k = -2 + g. What is the units digit of k?
1
Let r = 11 + -9. Suppose 37 = r*b + 7. Let m = -2 + b. What is the units digit of m?
3
Suppose -18*s + 2*s + 64 = 0. Suppose 3*f - s*f = -5*w - 32, 3*w = -6. What is the tens digit of f?
2
Let o(w) = 6*w + 1. Let r be (11 + -4 - 3) + 0. What is the units digit of o(r)?
5
Let m be 1/6 - (-423)/54. Let a be (148/m)/(1/6). Suppose -5*x - 3*n + a = 0, -11 = -x + 4*n + 25. What is the units digit of x?
4
Suppose 0*w = -w - 2*s + 121, 4*s = 3*w - 363. What is the units digit of w?
1
Let y(w) = 2*w + 3. Let s(b) = -b + 2. Let f be s(0). Let v be y(f). What is the units digit of ((-14)/(-8))/(v/84)?
1
Suppose 2 = 2*z - 12. Let j(d) = d - 4. Let c be j(z). Suppose c*k = 53 + 82. What is the tens digit of k?
4
Suppose 0 = 4*l - 5*y + 3408 - 10188, -y + 4 = 0. What is the hundreds digit of l?
7
Suppose -64350 = -38*n - 12*n. What is the units digit of n?
7
Suppose 3*p - 5*f = 438, -2*p + 3*p + 4*f - 146 = 0. Suppose 0 = 11*n - 960 + p. What is the tens digit of n?
7
Let y be (-4)/(-8)*(14 - 0). Suppose 0 = -4*d - 3*o + y, -11 + 1 = -4*d - 2*o. What is the units digit of d?
4
Let x be ((-72)/(-15))/3*5. Let w be x/(-5)*130/(-13). What is the tens digit of ((-148)/(-16))/(2/w)?
7
Suppose -8*i - 4*f + 8026 = -3*i, -2*i + 3217 = -5*f. What is the hundreds digit of i?
6
Let v(t) = 155*t**2 - 4*t - 7. Let w be v(3). What is the units digit of 4/30 - w/(-30)?
6
Let s = 32 + -54. Let v = s + 27. What is the units digit of v?
5
Let v = 1112 + -360. What is the hundreds digit of v?
7
Let x(n) = 2*n - 23. Let f(p) = p - 8. Let z(i) = 17*f(i) - 6*x(i). What is the units digit of z(7)?
7
Let u = 245 + -130. What is the hundreds digit of u?
1
What is the tens digit of 6*(-2)/(-16) + (-188595)/(-220)?
5
Suppose -2*k = 3*i - 786, -2*k - 7*i + 782 = -2*i. What is the hundreds digit of k?
3
Suppose -2*c + 617 = 29. Suppose -6*m + m = 5*h - 370, -c = -4*m - 3*h. Suppose o - 30 = -o + 2*w, 4*o + 2*w - m = 0. What is the tens digit of o?
1
Let g be (-1149)/9 - 2/6. Let v = g - -211. What is the tens digit of v?
8
Suppose 3*z + 2*v - 60 = 0, 2*v - 20 = -z - 0*v. Let w be 44/6 - 1/3. Suppose -3*p + w*p - z = 0. What is the units digit of p?
5
Let f(n) = n**3 + 32*n**2 - 46*n - 65. What is the hundreds digit of f(-33)?
3
Let q = 48 + -44. Suppose -2*i + q = -104. What is the units digit of i?
4
Let u be -2*1*(-5 + 3). Suppose -f + u*x + 80 = -6, 5*x + 184 = 2*f. What is the tens digit of f?
0
Let s(n) = 20*n**2 - 90*n - 12. What is the hundreds digit of s(10)?
0
What is the hundreds digit of 252/(-196) - (-2)/7 - -893?
8
Let s be 810/5 - 0/5. Suppose -8 = f - 3*f. Suppose -s - 86 = -f*p. What is the units digit of p?
2
Suppose -25 - 11 = -4*y - 4*t, 3*t + 8 = 4*y. Suppose -7*b + 184 = -6*b - y*z, 0 = 2*b + 2*z - 356. What is the tens digit of b?
7
Let j(p) = 2*p**3 - 23*p**2 - 30*p + 8. What is the tens digit of j(13)?
2
Let q = 11 - -4. Suppose 4*o - 11 = 5*y, 3*y = -o + q + 9. What is the units digit of o?
9
Let h be (-120)/18 + (-2)/6. What is the units digit of (-2 + h/(-2))*2?
3
Let j(k) = 144*k + 238. What is the tens digit of j(4)?
1
Let t(r) = 2*r**2 - r - 56. What is the hundreds digit of t(26)?
2
Let q(m) = -3*m**2 + 15*m - 13. Let h be q(6). Suppose -2*i - f + 96 = 0, 4*i - 3*f = 10 + 162. Let l = h + i. What is the units digit of l?
5
Let k = 6644 - 3874. What is the units digit of k?
0
Let h(p) = -10 + 57*p - 4 - p**3 - 74*p - 14*p**2. What is the tens digit of h(-13)?
3
Suppose -22*y = -18*y + i - 783, y + 4*i - 207 = 0. What is the units digit of y?
5
Let n(p) = -332*p - 87. What is the hundreds digit of n(-9)?
9
Let h be 94/1 + (-7 - -6). Let a = h - 32. What is the tens digit of a?
6
Let u = -26 + 56. Suppose z + 26 = u. Suppose -3*a + z*w + 32 = -114, -a + 62 = -4*w. What is the units digit of a?
2
What is the hundreds digit of (-1)/((-1)/(-1))*(-355 + -8)?
3
Let a(k) = -8*k**3 - 7*k**2 + 5. What is the units digit of a(-7)?
6
Suppose -38 = -z - 4*v + 2, 2*z = -2*v + 80. What is the units digit of (72/10)/(4*2/z)?
6
Let p = 27 - -27. Let y be p/12 - (-9)/(-6). What is the units digit of y/2*(-32)/(-6)?
8
Suppose 13*k + 680 = 15*k. What is the hundreds digit of k?
3
Suppose 1195 = 5*n - j, -n + 239 = j - 2*j. What is the hundreds digit of n?
2
Suppose 5*p = -25, -2*h + p + 6 + 5 = 0. Let w = -81 + 101. Suppose -w = -b + 5*b, -5*o = h*b - 20. What is the units digit of o?
7
Let n(f) = 34*f + 4. Let m(c) = -1598*c - 187. Let l(o) = -4*m(o) - 187*n(o). What is the hundreds digit of l(3)?
1
Let i = 24 + -9. Suppose 2*m + 2*l = 548, -5*l + 0 = i. What is the units digit of m?
7
Suppose -2*s + 223 = z, s - 94 = -2*z + 25. Let c = s + -38. What is the units digit of c?
1
Let n(j) = -4*j. Let x be n(0). What is the units digit of x - 236/(-9) - 4/18?
6
Suppose 1776 = -5*f + 6256. What is the units digit of f?
6
Let k be (70/(-8))/((-1)/4). Suppose k = -2*q + 5*n + 85, q + n = 25. What is the tens digit of q?
2
Let y = 80 - -119. Suppose 0 = 5*g - 76 - y. What is the tens digit of g?
5
Let g = -5472 - -10057. What is the tens digit of g?
8
Suppose 0 = 5*d + 4 - 14. Suppose -5*j - f + 380 = 0, 152 = -j + 3*j - d*f. Suppose 4*r - 58 = -w, -5*r + 4 + j = 5*w. What is the tens digit of r?
1
Let k = 13 + -43. Let l = k - -121. What is the tens digit of l?
9
Suppose t + 3*y - 9 = 0, y - 2*y = -3. Suppose 5*x = 2*x - 9. What is the units digit of t/1 - 3/x?
1
What is the hundreds digit of ((-435)/30)/(1/(-18))?
2
What is the units digit of ((-517)/33)/(1/(-18))?
2
Let s(d) = d**2 - 6*d + 2. Let b be s(6). Let z = b + 2. What is the units digit of z?
4
Let d = -67 + 70. What is the units digit of 1 + (d - 8) + 73?
9
Let m(i) be the second derivative of -i**4/12 - i**3/6 + 3*i**2/2 - 4*i. What is the units digit of m(-2)?
1
Suppose -5*p = -8*p + 642. What is the units digit of p?
4
Suppose 0 = -f + o + 511, -11*f + 3*o - 1007 = -13*f. What is the hundreds digit of f?
5
Let g(p) = -2*p**2 + 27*p + 15. Let n be g(14). What is the tens digit of 136 - (2/(-3))/n*3?
3
Suppose 11*r - 9415 = -362. What is the tens digit of r?
2
Let x be (-3544)/(-12) - 1/3. Let p = x - 163. What is the hundreds digit of p?
1
Suppose 49*y = 63*y - 22386. What is the hundreds digit of y?
5
Suppose 8*s = 13*s + 2910. What is the units digit of ((-12)/(-18))/((-4)/s)?
7
Let k = 9 + -12. What is the units digit of (k/(-9))/((-5)/(-75))?
5
Let y = -293 + 936. What is the units digit of y?
3
Let o = 1 + -3. Let g be (-4 - o) + 1 + -8. What is the units digi